 17.
15
What is the remainder when (-5130)/(-60) + (-6)/4 is divided by 18?
12
What is the remainder when (1 + 37)*120/16 is divided by 24?
21
Suppose -3*z + 24*k = 22*k - 454, 0 = -5*z - 5*k + 765. What is the remainder when 596 is divided by z?
140
Let u(v) = v**2 - v - 1. Let a = -77 - -95. Let w = a + -8. What is the remainder when u(6) is divided by w?
9
Suppose 0 = -2*u + 7*u - 290. Calculate the remainder when u is divided by -13 + -387*4/(-36).
28
Suppose -m = 2*m - 27. Let x be (-23 + 2)*(-5 - -4). Let k = x + 4. What is the remainder when k is divided by m?
7
Calculate the remainder when 14 - (-11)/((-44)/28) is divided by 4.
3
Let j(u) = -11*u - 78. Calculate the remainder when j(-16) is divided by 26.
20
Suppose 135 = -4*h + 31*h. Calculate the remainder when 64 is divided by h.
4
Let r = 19 + -10. Suppose 2*o + r = -5. What is the remainder when 6 is divided by (-23)/o - 4/14?
0
Suppose -3*c + 8 = -4. Suppose -58 = -c*g - 34. What is the remainder when 34 is divided by g?
4
Let u(h) = -h**3 + 22*h**2 + 25*h + 20. Suppose 2*n - 3*i = 52, 0 = i + 4*i + 10. Calculate the remainder when u(n) is divided by 34.
32
Suppose 4*i - 60 = 4*h, 3*h - 20 = -4*i + 40. What is the remainder when 97 is divided by i?
7
Let k(j) = j**2 + 8*j + 5. Suppose 5*r = 4*r - 8. Let i be k(r). Suppose i*m = l - 3*l + 62, -m = -4*l + 102. Calculate the remainder when l is divided by 9.
8
Let d = 509 + -495. Let p be (-11)/3 + (-2)/(-3). Let n(k) = k**3 + 3*k**2 - 3*k - 1. Calculate the remainder when d is divided by n(p).
6
Let y = 436 + -405. What is the remainder when 927 is divided by y?
28
Let i(o) = -o**2 - 2*o - 5. Let y be i(-4). What is the remainder when 24 is divided by y*4/(-3 - 1)?
11
Let j(m) = -m + 11. Let p = -7 - -14. Suppose -4*i + 5*i = -p. What is the remainder when 53 is divided by j(i)?
17
Let v be ((-1)/(-3))/(4/732). Let m = v + -37. Suppose 2*u + 2*u - m = 0. Calculate the remainder when 14 is divided by u.
2
Let z be 3/(-1) - -5*2. Let f = z - 2. Let w = 5 - -14. What is the remainder when w is divided by f?
4
Suppose 0 = -0*i - 5*i + 5, 3*r + 4*i - 34 = 0. Let x(m) = -4*m - 3. Calculate the remainder when x(-4) is divided by r.
3
Suppose 5*p = -3*z - 67, -7 - 9 = 4*z. Let l(f) = f + 28. What is the remainder when 81 is divided by l(p)?
13
Let d be (0 + -4)*(1 - 0)*-1. Let y(l) = -5 + 4 + 5*l - 8. Calculate the remainder when y(d) is divided by 5.
1
Let n = -3 + 10. Let v(t) = t**2 - 19*t + 81. Let c be v(13). Suppose 2*q - 5*w = -c*q + 120, 5*w - 15 = 0. Calculate the remainder when q is divided by n.
6
Let z be (-306)/24*(-8)/3. Let l(q) = 24*q**3 - q. Calculate the remainder when (0 + 2 - 0)*z is divided by l(1).
22
Suppose 15 = 3*a - 15. Let t(n) be the first derivative of n**2 - 2*n + 6. What is the remainder when a is divided by t(3)?
2
Let n = -797 - -812. Calculate the remainder when 98 is divided by n.
8
Let c(p) = -12*p - 23. Let q be c(-4). Suppose 6*d + q - 271 = 0. What is the remainder when d is divided by 23?
18
Suppose r = 5*r + 4*l - 436, 2*r - 4*l - 194 = 0. What is the remainder when r is divided by 36?
33
Let q(i) = i**3 - 6*i**2 - 2*i - 6. Let z(j) = -145*j - 3. Calculate the remainder when z(-1) is divided by q(7).
26
Let k = -169 - -180. Calculate the remainder when -4*4/(-2)*5 is divided by k.
7
Suppose 2*n + 208 = 7*h - 6*h, -850 = -4*h + 2*n. What is the remainder when h is divided by 113?
101
Suppose 1042 = 5*a - k + 3*k, -5*a - k + 1046 = 0. What is the remainder when a is divided by 2/20*533 + 741/(-2470)?
51
Let v(j) = j**3 + 10*j**2 + 12*j + 37. What is the remainder when v(-5) is divided by (-4)/(-6) - 1320/(-45)?
12
Suppose -5*n + 15 = -2*g, -3*n = 10*g - 7*g + 12. What is the remainder when 55 is divided by (7 + 1 - -7)*(n - 0)?
10
Let q(w) = -5*w**2 + 186*w - 32. What is the remainder when 302 is divided by q(37)?
2
Suppose -18*t = 2*n - 19*t - 881, 3*n + 4*t - 1316 = 0. Calculate the remainder when n is divided by 28.
20
Let h be 7/2*10*2. Suppose 3*v = -2*v + h. Calculate the remainder when 12 + -15 + 8 + 36 is divided by v.
13
Suppose -5*k - 4*m = -61, -2*m - 85 = -5*k - 18. What is the remainder when 465 is divided by k?
10
Let f(k) = -3*k - 4. Let c be f(-3). Suppose g + 71 = c*x + 5*g, 12 = 3*g. Suppose 12*h = 15*h - 90. Calculate the remainder when h is divided by x.
8
Let p(d) = 73*d**2 + 20*d + 10. What is the remainder when p(-3) is divided by 32?
31
Let x be -1*3*(-2)/6. Calculate the remainder when x/(-2)*(-54 + 0) is divided by 6.
3
Let x(i) = -i**3 + 12*i**2 - 6*i + 15. Let j be x(6). Suppose -30*c + 25*c + j = 0. Calculate the remainder when c is divided by 8.
7
Let j(m) = 54*m**3 - m**2 + 2*m. Let g be j(2). Suppose i - g = -5*i. Calculate the remainder when i is divided by 19.
15
Let d be 1 + 120/5 + 4. Suppose 145 = 5*z - 4*y, y - 5*y = z - d. Calculate the remainder when 114 is divided by z.
27
Let i(m) = -7*m**3 - 4*m**2 + 21*m + 51. What is the remainder when 184 is divided by i(-2)?
37
Suppose 5*l - c + 3 = 18, -2*c = -l + 3. Let d = -101 - -111. What is the remainder when d is divided by l?
1
Let m(x) = 3*x**3 - x**2 - x - 6. Let v = -15 + 18. Suppose 66 = v*o - 3. Calculate the remainder when o is divided by m(2).
11
Calculate the remainder when (-4 - 2023/(-28)) + 1/(-4) is divided by (4/5)/((-2)/(-45)).
14
Suppose -46 = -5*w + 2*z + z, 5*z - 4 = w. What is the remainder when 65 is divided by w?
10
Let i = -67 + 113. Let b be -2*43/(4/4). Let x = b + 94. Calculate the remainder when i is divided by x.
6
Suppose 0 = -8*z - 300 - 172. Let m = z - -70. What is the remainder when 26 is divided by m?
4
Let r = 37 - 22. Let c(d) = -d**3 + 18*d**2 - 15*d - 30. Calculate the remainder when r is divided by c(17).
3
Suppose 0 = -32*n + 46*n - 154. Calculate the remainder when 141 is divided by n.
9
Let a(s) = -8*s + 101. Let i(y) = -y**2 + 6*y + 4. Let q be 2/(-3) - (-17)/3. What is the remainder when i(q) is divided by a(12)?
4
Suppose 0 = 29*r - 32*r + 6195. What is the remainder when r/56 - (-1)/8 is divided by 10?
7
Let p(l) = 8*l**2 - 7*l - 12. Calculate the remainder when 157 is divided by p(-3).
76
Let l = -317 + 330. What is the remainder when l is divided by 8?
5
Suppose -60 = 3*q - 8*q. Suppose 37*z - 1537 = -279. Calculate the remainder when z is divided by q.
10
Suppose -7*d + 131 = 19. Let g(i) = i**2 - 15*i - 7. Let a be g(d). Suppose -4*o = -a*o + 95. What is the remainder when 37 is divided by o?
18
Let b(m) = -m**2 - 5*m + 6. Let u be b(-6). Suppose z - 2*p = 11, 5*z - 3 + u = -3*p. What is the remainder when 61 is divided by 2/z*(-630)/(-20)?
19
Let i be (-3)/(-1)*(-20)/6. Let m be i/(-3 - (-22)/8). Suppose -2*s - 3*q + 5*q = -m, 5*q - 150 = -5*s. Calculate the remainder when s is divided by 14.
11
Calculate the remainder when 1437 is divided by (-2630)/(-70) + 2 - (-3)/7.
37
Let l(u) = u + 4 + u**3 - 4*u**2 - 2*u + 3*u**2 + 0*u**3. Calculate the remainder when l(3) is divided by ((-10)/4)/(1/(-2)).
4
Suppose -2*k - 4*f = -22, k + 5*f = 4*k + 11. Suppose -6*a + 8*a = k*u + 77, u = 2*a - 67. Calculate the remainder when a is divided by 16.
15
Suppose -64*n + 54*n = -190. Calculate the remainder when 72 is divided by n.
15
Let i(c) = -c**3 - 3*c**2 + 5*c + 1. Let w(a) = -a**3 + 12*a**2 - 20*a - 5. Let x be w(10). What is the remainder when 77 is divided by i(x)?
25
Let f(v) = v**3 + 5*v**2 + 6. Suppose -5*t + 192 = 11*t. Let l = t + 17. What is the remainder when l is divided by f(-5)?
5
What is the remainder when -4 + 6 - (2 - 42) is divided by 9?
6
Let p(b) = -b + 2. What is the remainder when 4*1/(-6)*-24 is divided by p(-5)?
2
Let x(c) = -3*c - 1. Let w be x(-6). Let m = 44 - w. Let l = -17 + m. Calculate the remainder when 16 is divided by l.
6
Let m(u) be the first derivative of -u**2 + 8*u - 3. Calculate the remainder when 45 is divided by m(-4).
13
Suppose j - p - 5 = 0, -4*p - 19 - 6 = -5*j. What is the remainder when 21 is divided by j?
1
Suppose -2*i + 185 = 3*i. Let y be 3 + -3 + 2 + 0. What is the remainder when i is divided by (y - -1) + -3 + 13?
11
Let r = 296 + 383. What is the remainder when r is divided by 20?
19
Let d = 24 + -39. Let l(g) = -g**2 - 16*g - 1. Calculate the remainder when l(d) is divided by 8.
6
Let o(f) = f**3 + f**2 + 10*f + 104. 